{"id":803,"date":"2019-12-13T09:45:28","date_gmt":"2019-12-13T09:45:28","guid":{"rendered":"http:\/\/public.bc.fi\/s1700512\/Kestava-kehitys\/english\/?page_id=803"},"modified":"2020-04-30T10:12:52","modified_gmt":"2020-04-30T10:12:52","slug":"info","status":"publish","type":"page","link":"https:\/\/keke.bc.fi\/Kestava-kehitys\/english\/info\/","title":{"rendered":"Info"},"content":{"rendered":"\n<h1 class=\"wp-block-heading\">DIGITAL STUDY MATERIAL FOR SUSTAINABLE DEVELOPMENT &#8211; PROJECT<\/h1>\n\n\n\n<p class=\"has-text-color has-medium-font-size has-cyan-bluish-gray-color\"><strong>Project period 14.12.2018 &#8211; 31.12.2019<\/strong><\/p>\n\n\n\n<h2 class=\"wp-block-heading\">Project Group<\/h2>\n\n\n\n<ul class=\"wp-block-list\"><li>Helsinki Business College, BC, Coordinator<\/li><li>South Savo Vocational College, ESEDU<\/li><li>Tavastia Education Consortium, Tavastia Vocational College<\/li><li>Rovaniemi Municipal Federation of Education, Lapland Education Centre, REDU<\/li><li>Practikum Vocational College<\/li><li>City of Tampere, Tampere Vocational College, Tredu<\/li><li>Turku Vocational College Foundation, TAO<\/li><\/ul>\n\n\n\n<h2 class=\"wp-block-heading\">Funding agency<\/h2>\n\n\n\n<p>Finnish national agency for education<\/p>\n\n\n\n<figure class=\"wp-block-image size-large\"><img loading=\"lazy\" decoding=\"async\" width=\"200\" height=\"192\" src=\"https:\/\/keke.bc.fi\/Kestava-kehitys\/english\/wp-content\/uploads\/sites\/3\/2019\/12\/oph.png\" alt=\"\" class=\"wp-image-824\"\/><\/figure>\n\n\n\n<h2 class=\"wp-block-heading\">Technical implementation of the website<\/h2>\n\n\n\n<p>Kim H\u00e4m\u00e4l\u00e4inen, Raimo Nordstr\u00f6m and Miko H\u00e4kkinen<br>Business College Helsinki<\/p>\n","protected":false},"excerpt":{"rendered":"<p>DIGITAL STUDY MATERIAL FOR SUSTAINABLE DEVELOPMENT &#8211; PROJECT Project period 14.12.2018 &#8211; 31.12.2019 Project Group Helsinki Business College, BC, Coordinator South Savo Vocational College, ESEDU Tavastia Education Consortium, Tavastia Vocational College Rovaniemi Municipal Federation of Education, Lapland Education Centre, REDU Practikum Vocational College City of Tampere, Tampere Vocational College, Tredu Turku Vocational College Foundation, TAO [&hellip;]<\/p>\n","protected":false},"author":1,"featured_media":0,"parent":0,"menu_order":0,"comment_status":"closed","ping_status":"closed","template":"fullwidth.php","meta":{"footnotes":""},"class_list":["post-803","page","type-page","status-publish","hentry"],"_links":{"self":[{"href":"https:\/\/keke.bc.fi\/Kestava-kehitys\/english\/wp-json\/wp\/v2\/pages\/803","targetHints":{"allow":["GET"]}}],"collection":[{"href":"https:\/\/keke.bc.fi\/Kestava-kehitys\/english\/wp-json\/wp\/v2\/pages"}],"about":[{"href":"https:\/\/keke.bc.fi\/Kestava-kehitys\/english\/wp-json\/wp\/v2\/types\/page"}],"author":[{"embeddable":true,"href":"https:\/\/keke.bc.fi\/Kestava-kehitys\/english\/wp-json\/wp\/v2\/users\/1"}],"replies":[{"embeddable":true,"href":"https:\/\/keke.bc.fi\/Kestava-kehitys\/english\/wp-json\/wp\/v2\/comments?post=803"}],"version-history":[{"count":11,"href":"https:\/\/keke.bc.fi\/Kestava-kehitys\/english\/wp-json\/wp\/v2\/pages\/803\/revisions"}],"predecessor-version":[{"id":869,"href":"https:\/\/keke.bc.fi\/Kestava-kehitys\/english\/wp-json\/wp\/v2\/pages\/803\/revisions\/869"}],"wp:attachment":[{"href":"https:\/\/keke.bc.fi\/Kestava-kehitys\/english\/wp-json\/wp\/v2\/media?parent=803"}],"curies":[{"name":"wp","href":"https:\/\/api.w.org\/{rel}","templated":true}]}}