{"id":390,"date":"2019-11-02T01:55:09","date_gmt":"2019-11-02T01:55:09","guid":{"rendered":"http:\/\/public.bc.fi\/s1700512\/Kestava-kehitys\/suomi\/?page_id=390"},"modified":"2020-04-28T11:38:10","modified_gmt":"2020-04-28T11:38:10","slug":"kulttuurinen","status":"publish","type":"page","link":"https:\/\/keke.bc.fi\/Kestava-kehitys\/suomi\/kulttuurinen\/","title":{"rendered":"Kulttuurinen kest\u00e4v\u00e4 kehitys"},"content":{"rendered":"\n<h1 class=\"has-text-align-center wp-block-heading\">Kulttuurinen kest\u00e4v\u00e4 kehitys<\/h1>\n\n\n\n<div class=\"wp-block-columns has-3-columns is-layout-flex wp-container-core-columns-is-layout-9d6595d7 wp-block-columns-is-layout-flex\">\n<div class=\"wp-block-column is-layout-flow wp-block-column-is-layout-flow\"><\/div>\n\n\n\n<div class=\"wp-block-column kulttuurinen-flex is-layout-flow wp-block-column-is-layout-flow\">\n<figure class=\"wp-block-image size-thumbnail\"><img loading=\"lazy\" decoding=\"async\" width=\"150\" height=\"150\" src=\"https:\/\/keke.bc.fi\/Kestava-kehitys\/suomi\/wp-content\/uploads\/sites\/2\/2019\/11\/kulttuurinen11-150x150.png\" alt=\"\" class=\"wp-image-394\" srcset=\"https:\/\/keke.bc.fi\/Kestava-kehitys\/suomi\/wp-content\/uploads\/sites\/2\/2019\/11\/kulttuurinen11-150x150.png 150w, https:\/\/keke.bc.fi\/Kestava-kehitys\/suomi\/wp-content\/uploads\/sites\/2\/2019\/11\/kulttuurinen11.png 300w\" sizes=\"auto, (max-width: 150px) 100vw, 150px\" \/><\/figure>\n\n\n\n<figure class=\"wp-block-image size-large\"><img loading=\"lazy\" decoding=\"async\" width=\"150\" height=\"150\" src=\"https:\/\/keke.bc.fi\/Kestava-kehitys\/suomi\/wp-content\/uploads\/sites\/2\/2019\/11\/kulttuurinen16.png\" alt=\"\" class=\"wp-image-369\"\/><\/figure>\n\n\n\n<figure class=\"wp-block-image size-large\"><img loading=\"lazy\" decoding=\"async\" width=\"150\" height=\"150\" src=\"https:\/\/keke.bc.fi\/Kestava-kehitys\/suomi\/wp-content\/uploads\/sites\/2\/2019\/11\/kulttuurinen17.png\" alt=\"\" class=\"wp-image-370\"\/><\/figure>\n<\/div>\n\n\n\n<div class=\"wp-block-column is-layout-flow wp-block-column-is-layout-flow\"><\/div>\n<\/div>\n\n\n\n<hr class=\"wp-block-separator\"\/>\n\n\n\n<div id=\"kestavat-kaupungit-ja-yhteisot\"><\/div>\n\n\n\n<div class=\"wp-block-image\"><figure class=\"alignleft size-thumbnail\"><img loading=\"lazy\" decoding=\"async\" width=\"150\" height=\"150\" src=\"https:\/\/keke.bc.fi\/Kestava-kehitys\/suomi\/wp-content\/uploads\/sites\/2\/2019\/11\/kulttuurinen11-150x150.png\" alt=\"\" class=\"wp-image-394\" srcset=\"https:\/\/keke.bc.fi\/Kestava-kehitys\/suomi\/wp-content\/uploads\/sites\/2\/2019\/11\/kulttuurinen11-150x150.png 150w, https:\/\/keke.bc.fi\/Kestava-kehitys\/suomi\/wp-content\/uploads\/sites\/2\/2019\/11\/kulttuurinen11.png 300w\" sizes=\"auto, (max-width: 150px) 100vw, 150px\" \/><\/figure><\/div>\n\n\n\n<p>Kulttuurinen kest\u00e4vyys on yksi kest\u00e4v\u00e4n kehityksen ulottuvuuksista. Se tarkoittaa kulttuuriin liittyvien asioiden kuten kielten, perinteiden ja tapojen s\u00e4ilytt\u00e4mist\u00e4. Kulttuurisesti kest\u00e4v\u00e4ss\u00e4 kehityksess\u00e4 hyv\u00e4ksyt\u00e4\u00e4n monimuotoisuus ja tasapainoinen kasvu sek\u00e4 arvostetaan ja kunnioitetaan kaikkien oikeuksia. <\/p>\n\n\n\n<p>\u201dKest\u00e4v\u00e4t kaupungit ja yhteis\u00f6t\u201d kuuluu kulttuurisen kest\u00e4vyyden tavoitteisiin. Pyrkimyksen\u00e4 on taata asukkaille turvalliset ja kest\u00e4v\u00e4t kaupungit sek\u00e4 asuinyhdyskunnat. <\/p>\n\n\n\n<p>Kest\u00e4v\u00e4t kaupungit ja yhteis\u00f6t-osiossa on keski\u00f6ss\u00e4 kaupungistuminen, mik\u00e4 tarkoittaa kaupungeissa asuvien ihmisten m\u00e4\u00e4r\u00e4n kasvua suhteessa koko v\u00e4est\u00f6\u00f6n. Enemmist\u00f6 maailman asukkaista asuu nyky\u00e4\u00e4n kaupungeissa, mutta maiden v\u00e4lill\u00e4 on eroja. Kaupungistumisen hallinta on suurimpia haasteita ihmiskunnan kest\u00e4v\u00e4n kehityksen saavuttamiseksi. Kest\u00e4v\u00e4 kaupunkiymp\u00e4rist\u00f6 luo mahdollisuuksia asukkailleen, mutta takaa my\u00f6s peruspalvelut (esim. sosiaali- ja terveyspalvelut), energiansaannin, hyv\u00e4t asumisolosuhteet ja kulkumahdollisuudet ilman, ett\u00e4 ymp\u00e4rist\u00f6 rasittuu tai saastuu. <\/p>\n\n\n\n<p>Kaupungistuminen tarjoaa ty\u00f6paikkoja, tuottaa vaurautta ja jalostaa kulttuureita. Kaupungit tarjoavat my\u00f6s maaseutua tehokkaammat mahdollisuudet koulutuksen ja terveydenhuollon tarjoamiseksi ja k\u00e4yt\u00f6ksi. <\/p>\n\n\n\n<p>Toisaalta kaupungistumisen tuoman vaurastumisen my\u00f6t\u00e4 kulutetaan enemm\u00e4n. V\u00e4est\u00f6n hallitsematon pakkautuminen kaupunkeihin tuhoaa ja saastuttaa ymp\u00e4rist\u00f6\u00e4 sek\u00e4 lis\u00e4\u00e4 autojen m\u00e4\u00e4r\u00e4\u00e4 ja asukkaiden v\u00e4list\u00e4 eriarvoisuutta. \u00c4\u00e4rimm\u00e4inen k\u00f6yhyys on yleisesti keskittynyt kaupunkiymp\u00e4rist\u00f6ihin. <\/p>\n\n\n\n<p>Kaupungistuminen on turvallista ja kest\u00e4v\u00e4\u00e4, kun yhteiskunta varmistaa asukkailleen riitt\u00e4v\u00e4t ja turvalliset asuinolot. Maailmanlaajuisesti t\u00e4m\u00e4 merkitsee slummialueiden v\u00e4hent\u00e4mist\u00e4. Kest\u00e4v\u00e4 kaupungistuminen tarkoittaa my\u00f6s investointeja julkiseen liikenteeseen, vihreiden tilojen luomiseen sek\u00e4 sit\u00e4, ett\u00e4 asukkaat osallistuvat kaupunkisuunnitteluun (puistot, urheilukent\u00e4t, py\u00f6r\u00e4tiet, leikkikent\u00e4t ym.). Kest\u00e4v\u00e4ss\u00e4 kaupungistumisessa varaudutaan erilaisiin katastrofeihin (esim. vesien pilaantuminen) sek\u00e4 tehd\u00e4\u00e4n konkreettisia toimia haitallisten ymp\u00e4rist\u00f6vaikutusten torjumiseksi. Samalla huolehditaan maailman kulttuuri- ja luonnon perinn\u00f6st\u00e4. <\/p>\n\n\n\n<hr class=\"wp-block-separator is-style-wide\"\/>\n\n\n\n<div id=\"rauha-oikeudenmukaisuus-ja-hyva-hallinto\"><\/div>\n\n\n\n<div class=\"wp-block-image\"><figure class=\"alignleft size-large\"><img loading=\"lazy\" decoding=\"async\" width=\"150\" height=\"150\" src=\"https:\/\/keke.bc.fi\/Kestava-kehitys\/suomi\/wp-content\/uploads\/sites\/2\/2019\/11\/kulttuurinen16.png\" alt=\"\" class=\"wp-image-369\"\/><\/figure><\/div>\n\n\n\n<p>Kulttuurinen kest\u00e4vyys on yksi kest\u00e4v\u00e4n kehityksen osa-alueista. Rauha, vakaus, ihmisoikeudet ja hyv\u00e4 hallinto ovat t\u00e4rke\u00e4 edellytys kest\u00e4v\u00e4lle kehitykselle. \u201dRauha, oikeudenmukaisuus ja hyv\u00e4 hallinto\u201d kuuluu kulttuurisen kest\u00e4vyyden tavoitteisiin. Pyrkimyksen\u00e4 on edist\u00e4\u00e4 rauhaa yhteiskunnissa ja taata oikeudenmukaisuuden toteutuminen tasapuolisilla oikeuspalveluilla. Rauha k\u00e4sitteen\u00e4 miellet\u00e4\u00e4n yleens\u00e4 vastakohdaksi sodalle, joka on v\u00e4kivaltaa ja erilaisia konflikteja. Rauha on valtioiden tai muiden vastaavien v\u00e4linen normaali sovinnon tila. Vain rauhan oloissa yksil\u00f6t voivat kunnioittaa toisiaan, nauttia oikeudestaan el\u00e4m\u00e4\u00e4n ja k\u00e4ytt\u00e4\u00e4 perusoikeuksiaan. <\/p>\n\n\n\n<p>Oikeudenmukaisuuden m\u00e4\u00e4rittely on haastavaa, mutta siihen liittyv\u00e4t l\u00e4heisesti ihmisoikeudet, tasa-arvo ja yhdenvertaisuus. Valtioiden lains\u00e4\u00e4d\u00e4nn\u00f6t ja kulttuurit heijastavat niiden oikeudenmukaisuusk\u00e4sityst\u00e4. Oikeus hyv\u00e4\u00e4n hallintoon on perusoikeus, joka kuuluu jokaiselle. Hyv\u00e4n hallinnon takeet turvataan lains\u00e4\u00e4d\u00e4nn\u00f6ll\u00e4.<br><\/p>\n\n\n\n<div class=\"wp-block-columns has-3-columns is-layout-flex wp-container-core-columns-is-layout-9d6595d7 wp-block-columns-is-layout-flex\">\n<div class=\"wp-block-column is-layout-flow wp-block-column-is-layout-flow\">\n<p><\/p>\n<\/div>\n\n\n\n<div class=\"wp-block-column is-layout-flow wp-block-column-is-layout-flow\">\n<p class=\"has-medium-font-size\">\u201dRauha on toisaalta my\u00f6s yksil\u00f6n mahdollisuuksia k\u00e4vell\u00e4 rauhassa kadulla ja kokea olevansa turvassa.<br>Rauha on my\u00f6s arjessa olevaa kunnioitusta toisia ihmisi\u00e4 kohtaan. Rauha on empatiaa ja siihen pyrkimist\u00e4.<br>Mies, 26, Suomi\u201d<br><\/p>\n<\/div>\n\n\n\n<div class=\"wp-block-column is-layout-flow wp-block-column-is-layout-flow\"><\/div>\n<\/div>\n\n\n\n<p>Rauha on my\u00f6s globaaleja teemoja ja t\u00e4rkeit\u00e4 arvoja, kuten demokratiaa, aktiivista kansalaisuutta, tasa-arvoa, yhdenvertaisuutta, antirasismia, ihmisoikeuksia ja v\u00e4kivallattomuutta. Aseellisella v\u00e4kivallalla ja turvattomuudella on tuhoava vaikutus maiden kehitykseen. Rauhan vaaliminen on yksi Yhdistyneiden Kansakuntien (YK) ydinteht\u00e4vist\u00e4. YK ty\u00f6skentelee kriisien syntymisen ehk\u00e4isemiseksi, pyrkii v\u00e4hent\u00e4m\u00e4\u00e4n poliittisia j\u00e4nnitteit\u00e4 ja osallistuu jo puhjenneiden konfliktien ratkaisemiseen.<br><\/p>\n\n\n\n<p>Kest\u00e4v\u00e4n kehityksen tavoitteet pyrkiv\u00e4t v\u00e4hent\u00e4m\u00e4\u00e4n merkitt\u00e4v\u00e4sti kaikkia v\u00e4kivallan muotoja ja tehostamaan yhteisty\u00f6t\u00e4 paikallisten hallitusten ja yhteis\u00f6jen v\u00e4lill\u00e4 konfliktien ja kriisien ratkaisemiseksi. <\/p>\n\n\n\n<p>Oikeudenmukaisuus-k\u00e4sitett\u00e4 on vaikea m\u00e4\u00e4ritell\u00e4 yksiselitteisesti, koska sit\u00e4 voidaan tarkastella yksil\u00f6n tai yhteis\u00f6n n\u00e4k\u00f6kulmasta. Kulttuurista riippuen esimerkiksi tasa-arvon k\u00e4site voidaan tulkita hyvin monella tavalla. Oikeudenmukaisuuden perustana ovat ihmisoikeudet. <\/p>\n\n\n\n<p>Oikeudenmukaisuus on kaiken aikaa arjessa l\u00e4sn\u00e4. Ty\u00f6hyvinvoinnin yksi merkitt\u00e4vimmist\u00e4 tekij\u00f6ist\u00e4 on oikeudenmukaisuuden toteutuminen. Toisen ty\u00f6ntekij\u00e4n oikeuksien toteutuminen voi johtaa toisen kohdalla ep\u00e4oikeudenmukaisuuden kokemuksiin. Omien oikeuksien puolustamisen toinen puoli on se, ett\u00e4 on huomioitava omat vastuut ja velvollisuudet. <\/p>\n\n\n\n<p>T\u00e4rkeint\u00e4 oikeudenmukaisuudessa on n\u00e4hd\u00e4 jokainen ihminen arvokkaana ja yhdenvertaisena oikeuksien ja velvollisuuksiensa suhteen. <em>\u201dKaikki olemme samanlaisia ja kaikki olemme erilaisia.\u201d<\/em> Kaikissa on jotain yhteist\u00e4, universaalia, jonka vuoksi ihmisi\u00e4 on kohdeltava oikeudenmukaisesti. <\/p>\n\n\n\n<div class=\"wp-block-columns has-2-columns is-layout-flex wp-container-core-columns-is-layout-9d6595d7 wp-block-columns-is-layout-flex\">\n<div class=\"wp-block-column is-layout-flow wp-block-column-is-layout-flow\">\n<div class=\"center-video-container\">\n<iframe loading=\"lazy\" width=\"560\" height=\"315\" src=\"https:\/\/www.youtube.com\/embed\/UtegUGSK1bg\" frameborder=\"0\" allow=\"accelerometer; autoplay; encrypted-media; gyroscope; picture-in-picture\" allowfullscreen=\"\"><\/iframe>\n<p>UN Peacekeeping animation &#8211; Security and rule of law in the field<\/p>\n<\/div>\n<\/div>\n\n\n\n<div class=\"wp-block-column is-layout-flow wp-block-column-is-layout-flow\">\n<div class=\"center-video-container\">\n<figure><iframe loading=\"lazy\" width=\"560\" height=\"315\" src=\"https:\/\/www.youtube.com\/embed\/wMU6g1NAn48\" allowfullscreen=\"\"><\/iframe><\/figure>\n<p>Mit\u00e4 ihmisoikeudet ovat? | Amnesty International &#8211; Suomen osasto<\/p>\n<\/div>\n<\/div>\n<\/div>\n\n\n\n<p>Hyv\u00e4 hallinto edellytt\u00e4\u00e4, ett\u00e4 viranomaiset kohtelevat kansalaisia tasapuolisesti eiv\u00e4tk\u00e4 syrji heit\u00e4. Viranomaisten tulee toimia voimassa olevien lakien mukaan sek\u00e4 puolueettomasti. T\u00e4m\u00e4 osa-alue vaikuttaa el\u00e4m\u00e4\u00e4mme hyvin paljon. Yhteiskunnan vakaa kehitys antaa turvaa meille monella tasolla. Kun oikeuslaitos, poliisi ja muu virkakunta toimivat luotettavasti ja l\u00e4pin\u00e4kyv\u00e4sti, niit\u00e4 ei huomaa eik\u00e4 kenties osaa arvostaa, mutta niiden menett\u00e4minen n\u00e4kyisi arjessa kaikessa. <\/p>\n\n\n\n<p>Hyv\u00e4n hallinnon teht\u00e4v\u00e4n\u00e4 on my\u00f6s turvata julkinen tiedonsaantioikeus. Sinulla, kansalaisella, on oikeus saada tiet\u00e4\u00e4 viranomaisten suunnitelmista ja toimenpiteist\u00e4 esimerkiksi kaupungin kaavoituksesta, p\u00e4iv\u00e4hoidon ja terveydenhuollon j\u00e4rjest\u00e4misest\u00e4. YK:n maailmanlaajuisissa tavoitteissa v\u00e4kivallan v\u00e4hent\u00e4minen, oikeusturvan edist\u00e4minen, taistelu j\u00e4rjest\u00e4ytynytt\u00e4 rikollisuutta vastaan, korruption poistaminen ja muut teot ovat osa kest\u00e4v\u00e4n kehityksen tavoitteiden saavuttamista.<br><\/p>\n\n\n\n<hr class=\"wp-block-separator is-style-wide\"\/>\n\n\n\n<div id=\"yhteistyo-ja-kumppanuus\"><\/div>\n\n\n\n<div class=\"wp-block-image\"><figure class=\"alignleft size-large\"><img loading=\"lazy\" decoding=\"async\" width=\"150\" height=\"150\" src=\"https:\/\/keke.bc.fi\/Kestava-kehitys\/suomi\/wp-content\/uploads\/sites\/2\/2019\/11\/kulttuurinen17.png\" alt=\"\" class=\"wp-image-370\"\/><\/figure><\/div>\n\n\n\n<p>Kulttuurinen kest\u00e4vyys on yksi kest\u00e4v\u00e4n kehityksen osa-alueista. Yhteisty\u00f6 ja kumppanuus ovat t\u00e4rke\u00e4 edellytys kest\u00e4v\u00e4lle kehitykselle. \u201dYhteisty\u00f6 ja kumppanuus\u201d kuuluu kulttuurisen kest\u00e4vyyden tavoitteisiin. Pyrkimyksen\u00e4 on edist\u00e4\u00e4 hallitusten, yksityisen sektorin ja kansalaisyhteiskunnan yhteisty\u00f6t\u00e4. Yhteisty\u00f6 ja kumppanuus ovat maailmanlaajuista, globaalia ty\u00f6t\u00e4, koska valtiot ovat t\u00e4ll\u00e4 hetkell\u00e4 enemm\u00e4n sidoksissa toisiinsa kuin koskaan aikaisemmin. Teknologian kehittyminen ja tiedon saannin helpottuminen ovat tuoneet kansakunnat ja niiden kansalaiset l\u00e4hemm\u00e4ksi toisiaan. <\/p>\n\n\n\n<p>\u201dYhteisty\u00f6 ja kumppanuus\u201d -osion teemana on tukea kest\u00e4v\u00e4n kehityksen toimeenpanoa ja globaalia kumppanuutta. Yhteisty\u00f6t\u00e4 ja kumppanuutta tarvitaan my\u00f6s kansallisella ja paikallisella tasolla. Kest\u00e4v\u00e4n kehityksen toteutuminen vaatii maailman talouden vakautta, jota voidaan lis\u00e4t\u00e4 ja turvata johdon mukaisella hallitusten poliittisella ty\u00f6ll\u00e4. Yhteisty\u00f6n ja kumppanuuden avulla edistet\u00e4\u00e4n kansainv\u00e4list\u00e4 kauppaa, jossa huomioidaan v\u00e4hemm\u00e4n kehittyneiden maiden tarpeet. N\u00e4in saavutetaan reilu, avoin ja kaikkia hy\u00f6dytt\u00e4v\u00e4 kauppaj\u00e4rjestelm\u00e4. <\/p>\n\n\n\n<div class=\"center-video-container\">\n<iframe loading=\"lazy\" width=\"560\" height=\"315\" src=\"https:\/\/www.youtube.com\/embed\/oJLqyuxm96k\" frameborder=\"0\" allow=\"accelerometer; autoplay; encrypted-media; gyroscope; picture-in-picture\" allowfullscreen=\"\"><\/iframe>\n<p>Africa For Norway &#8211; New charity single out now! | SAIH Norway<\/p>\n<\/div>\n\n\n\n<p>Kest\u00e4v\u00e4n kehityksen tavoitteiden toteuttaminen vaatii my\u00f6s pitk\u00e4aikaisia investointeja v\u00e4hiten kehittyneisiin maihin. Monet maat antavat virallista kehitysapua maiden talouskasvun tehostamiseksi. Kehitysapua voidaan k\u00e4ytt\u00e4\u00e4 esimerkiksi ymp\u00e4rist\u00f6yst\u00e4v\u00e4llisten teknologioiden kehitt\u00e4miseen, siirtoon ja levitt\u00e4miseen. Kehitysapuna voidaan antaa my\u00f6s koulutusta. Kansalaisten luku- ja kirjoitustaidon saavuttaminen on tehokas keino taistella k\u00f6yhyytt\u00e4 vastaan. Kest\u00e4v\u00e4n kehityksen tavoitteiden saavuttamiseksi tarvitaan my\u00f6s yrityksi\u00e4 ja kansalaisj\u00e4rjest\u00f6j\u00e4 tekem\u00e4\u00e4n yhteisty\u00f6t\u00e4 paikallisesti ja globaalisti. <\/p>\n\n\n\n<p>Suomessa yritykset eiv\u00e4t ole juurikaan osallistuneet ns. viralliseen kehitysaputy\u00f6h\u00f6n. Viime vuosina k\u00e4yt\u00e4nt\u00f6 on muuttunut. Yritykset ja j\u00e4rjest\u00f6t ovat yhdist\u00e4neet voimiaan. J\u00e4rjest\u00f6ill\u00e4 on yrityksille jaettavaksi paljon tietoa siit\u00e4, miten v\u00e4hemm\u00e4n kehittyneiss\u00e4 maissa kannattaa toimia. Yritysten pit\u00e4\u00e4 kuitenkin muistaa Suomen kehitysyhteisty\u00f6n p\u00e4\u00e4tavoite eli k\u00f6yhyyden ja eriarvoisuuden v\u00e4hent\u00e4minen ja ihmisoikeuksien tukeminen. <\/p>\n\n\n\n<p>Kansalaisj\u00e4rjest\u00f6t ovat hallituksista riippumattomia j\u00e4rjest\u00f6j\u00e4 ja usein ne eiv\u00e4t tavoittele taloudellisista voittoa. Kansalaisj\u00e4rjest\u00f6jen tavoitteet ovat moninaiset, mutta usein ne ovat julkista keskustelua yll\u00e4pit\u00e4vi\u00e4 toimijoita. Kansalaisj\u00e4rjest\u00f6t pyrkiv\u00e4t valvomaan, ett\u00e4 kansalaisten \u00e4\u00e4ni kuuluu p\u00e4\u00e4t\u00f6ksenteossa. Niiden roolia pidet\u00e4\u00e4n eritt\u00e4in t\u00e4rke\u00e4n\u00e4 kest\u00e4v\u00e4n kehityksen toteuttamisessa. Tunnettuja Suomessa toimivia kansalaisj\u00e4rjest\u00f6j\u00e4 ovat esimerkiksi Mannerheimin lastensuojeluliitto, El\u00e4insuojeluliitto Animalia, Seta ja Ihmisoikeusliitto. Monet j\u00e4rjest\u00f6ist\u00e4 ovat kansainv\u00e4lisi\u00e4 yhteis\u00f6j\u00e4, jotka toimivat ymp\u00e4ri maailmaa esimerkiksi Punainen Risti, Unicef ja Amnesty International. Kansalaisj\u00e4rjest\u00f6j\u00e4 ovat my\u00f6s pienet ryhm\u00e4t, kuten asukas-, vanhempain- ja senioriyhdistykset sek\u00e4 harrasteseurat.<br><\/p>\n\n\n\n<div class=\"center-video-container\">\n<iframe loading=\"lazy\" width=\"560\" height=\"315\" src=\"https:\/\/www.youtube.com\/embed\/8qaEROHEdKs\" frameborder=\"0\" allow=\"accelerometer; autoplay; encrypted-media; gyroscope; picture-in-picture\" allowfullscreen=\"\"><\/iframe>\n<p>UN Happiness Report: Finland Is Considered The Happiest Country On Earth Despite The Cold | TIME<\/p>\n<\/div>\n\n\n\n<p><a href=\"https:\/\/keke.bc.fi\/Kestava-kehitys\/suomi\/lahteet\/\">L\u00e4hteet<\/a><\/p>\n","protected":false},"excerpt":{"rendered":"<p>Kulttuurinen kest\u00e4v\u00e4 kehitys Kulttuurinen kest\u00e4vyys on yksi kest\u00e4v\u00e4n kehityksen ulottuvuuksista. Se tarkoittaa kulttuuriin liittyvien asioiden kuten kielten, perinteiden ja tapojen s\u00e4ilytt\u00e4mist\u00e4. Kulttuurisesti kest\u00e4v\u00e4ss\u00e4 kehityksess\u00e4 hyv\u00e4ksyt\u00e4\u00e4n monimuotoisuus ja tasapainoinen kasvu sek\u00e4 arvostetaan ja kunnioitetaan kaikkien oikeuksia. \u201dKest\u00e4v\u00e4t kaupungit ja yhteis\u00f6t\u201d kuuluu kulttuurisen kest\u00e4vyyden tavoitteisiin. Pyrkimyksen\u00e4 on taata asukkaille turvalliset ja kest\u00e4v\u00e4t kaupungit sek\u00e4 asuinyhdyskunnat. Kest\u00e4v\u00e4t kaupungit [&hellip;]<\/p>\n","protected":false},"author":1,"featured_media":0,"parent":0,"menu_order":0,"comment_status":"closed","ping_status":"closed","template":"fullwidth.php","meta":{"footnotes":""},"class_list":["post-390","page","type-page","status-publish","hentry"],"_links":{"self":[{"href":"https:\/\/keke.bc.fi\/Kestava-kehitys\/suomi\/wp-json\/wp\/v2\/pages\/390","targetHints":{"allow":["GET"]}}],"collection":[{"href":"https:\/\/keke.bc.fi\/Kestava-kehitys\/suomi\/wp-json\/wp\/v2\/pages"}],"about":[{"href":"https:\/\/keke.bc.fi\/Kestava-kehitys\/suomi\/wp-json\/wp\/v2\/types\/page"}],"author":[{"embeddable":true,"href":"https:\/\/keke.bc.fi\/Kestava-kehitys\/suomi\/wp-json\/wp\/v2\/users\/1"}],"replies":[{"embeddable":true,"href":"https:\/\/keke.bc.fi\/Kestava-kehitys\/suomi\/wp-json\/wp\/v2\/comments?post=390"}],"version-history":[{"count":28,"href":"https:\/\/keke.bc.fi\/Kestava-kehitys\/suomi\/wp-json\/wp\/v2\/pages\/390\/revisions"}],"predecessor-version":[{"id":751,"href":"https:\/\/keke.bc.fi\/Kestava-kehitys\/suomi\/wp-json\/wp\/v2\/pages\/390\/revisions\/751"}],"wp:attachment":[{"href":"https:\/\/keke.bc.fi\/Kestava-kehitys\/suomi\/wp-json\/wp\/v2\/media?parent=390"}],"curies":[{"name":"wp","href":"https:\/\/api.w.org\/{rel}","templated":true}]}}