{"id":51,"date":"2019-09-03T16:29:13","date_gmt":"2019-09-03T16:29:13","guid":{"rendered":"http:\/\/public.bc.fi\/s1700512\/Kestava-kehitys\/suomi\/?page_id=51"},"modified":"2019-12-16T11:42:50","modified_gmt":"2019-12-16T11:42:50","slug":"osa-alueet","status":"publish","type":"page","link":"https:\/\/keke.bc.fi\/Kestava-kehitys\/suomi\/osa-alueet\/","title":{"rendered":"Kest\u00e4v\u00e4n kehityksen Osa-alueet"},"content":{"rendered":"\n<h1 class=\"has-text-align-center wp-block-heading\">Kest\u00e4v\u00e4n kehityksen osa-alueet<\/h1>\n\n\n\n<div style=\"height:50px\" aria-hidden=\"true\" class=\"wp-block-spacer\"><\/div>\n\n\n\n<div class=\"wp-block-columns has-2-columns osa-alueet is-layout-flex wp-container-core-columns-is-layout-9d6595d7 wp-block-columns-is-layout-flex\">\n<div class=\"wp-block-column is-layout-flow wp-block-column-is-layout-flow\">\n<a href=\"http:\/\/keke.bc.fi\/Kestava-kehitys\/suomi\/taloudellinen\/\">\n\n<h2 style=\"text-align:center\" class=\"taloudellinen-kestavyys\">Taloudellinen kest\u00e4vyys<\/h2>\n\n<\/a>\n\n\n\n<a href=\"http:\/\/keke.bc.fi\/Kestava-kehitys\/suomi\/sosiaalinen\/\">\n\n<h2 style=\"text-align:center\" class=\"sosiaalinen-kestavyys\">Sosiaalinen kest\u00e4vyys<\/h2>\n\n<\/a>\n\n\n\n<p><\/p>\n<\/div>\n\n\n\n<div class=\"wp-block-column is-layout-flow wp-block-column-is-layout-flow\">\n<a href=\"http:\/\/keke.bc.fi\/Kestava-kehitys\/suomi\/ekologinen\/\">\n\n<h2 style=\"text-align:center\" class=\"ekologinen-kestavyys\">Ekologinen kest\u00e4vyys<\/h2>\n\n<\/a>\n\n\n\n<a href=\"http:\/\/keke.bc.fi\/Kestava-kehitys\/suomi\/kulttuurinen\/\">\n\n<h2 style=\"text-align:center\" class=\"kulttuurinen-kestavyys\">Kulttuurinen kest\u00e4vyys<\/h2>\n\n<\/a>\n\n\n\n<p><\/p>\n<\/div>\n<\/div>\n","protected":false},"excerpt":{"rendered":"<p>Kest\u00e4v\u00e4n kehityksen osa-alueet Taloudellinen kest\u00e4vyys Sosiaalinen kest\u00e4vyys Ekologinen kest\u00e4vyys Kulttuurinen kest\u00e4vyys<\/p>\n","protected":false},"author":1,"featured_media":0,"parent":0,"menu_order":0,"comment_status":"closed","ping_status":"closed","template":"fullwidth.php","meta":{"footnotes":""},"class_list":["post-51","page","type-page","status-publish","hentry"],"_links":{"self":[{"href":"https:\/\/keke.bc.fi\/Kestava-kehitys\/suomi\/wp-json\/wp\/v2\/pages\/51","targetHints":{"allow":["GET"]}}],"collection":[{"href":"https:\/\/keke.bc.fi\/Kestava-kehitys\/suomi\/wp-json\/wp\/v2\/pages"}],"about":[{"href":"https:\/\/keke.bc.fi\/Kestava-kehitys\/suomi\/wp-json\/wp\/v2\/types\/page"}],"author":[{"embeddable":true,"href":"https:\/\/keke.bc.fi\/Kestava-kehitys\/suomi\/wp-json\/wp\/v2\/users\/1"}],"replies":[{"embeddable":true,"href":"https:\/\/keke.bc.fi\/Kestava-kehitys\/suomi\/wp-json\/wp\/v2\/comments?post=51"}],"version-history":[{"count":47,"href":"https:\/\/keke.bc.fi\/Kestava-kehitys\/suomi\/wp-json\/wp\/v2\/pages\/51\/revisions"}],"predecessor-version":[{"id":712,"href":"https:\/\/keke.bc.fi\/Kestava-kehitys\/suomi\/wp-json\/wp\/v2\/pages\/51\/revisions\/712"}],"wp:attachment":[{"href":"https:\/\/keke.bc.fi\/Kestava-kehitys\/suomi\/wp-json\/wp\/v2\/media?parent=51"}],"curies":[{"name":"wp","href":"https:\/\/api.w.org\/{rel}","templated":true}]}}