{"id":6,"date":"2019-09-01T20:12:37","date_gmt":"2019-09-01T20:12:37","guid":{"rendered":"http:\/\/public.bc.fi\/s1700512\/Kestava-kehitys\/suomi\/?page_id=6"},"modified":"2020-01-28T08:27:39","modified_gmt":"2020-01-28T08:27:39","slug":"opinnon-tavoitteet","status":"publish","type":"page","link":"https:\/\/keke.bc.fi\/Kestava-kehitys\/suomi\/","title":{"rendered":"Opinnon tavoitteet"},"content":{"rendered":"\n<h1 class=\"has-text-align-center wp-block-heading\">Tervetuloa kest\u00e4v\u00e4n kehityksen verkkokurssille<\/h1>\n\n\n\n<div style=\"height:50px\" aria-hidden=\"true\" class=\"wp-block-spacer\"><\/div>\n\n\n\n<div class=\"wp-block-columns has-2-columns is-layout-flex wp-container-core-columns-is-layout-9d6595d7 wp-block-columns-is-layout-flex\">\n<div class=\"wp-block-column is-layout-flow wp-block-column-is-layout-flow\">\n<h2 class=\"has-text-align-left wp-block-heading\">Kest\u00e4v\u00e4n kehityksen edist\u00e4minen, 1 osp  <\/h2>\n\n\n\n<p> Opiskelija osaa: <\/p>\n\n\n\n<ul class=\"wp-block-list\"><li>toimia kest\u00e4v\u00e4n kehityksen      periaatteiden mukaisesti <\/li><li>ottaa huomioon      elinkaariajattelun periaatteet<\/li><li>pohtia ratkaisuja eettisist\u00e4      n\u00e4k\u00f6kulmista. <\/li><\/ul>\n<\/div>\n\n\n\n<div class=\"wp-block-column is-layout-flow wp-block-column-is-layout-flow\">\n<h2 class=\"has-text-align-left wp-block-heading\">Ohje opinnon suorittamiseen<\/h2>\n\n\n\n<p>Kest\u00e4v\u00e4n kehityksen opinto kuuluu ammatillisen tutkinnon yhteisiin tutkinnon osiin ja on pakollinen 1 osaamispisteen laajuinen opinto. T\u00e4ll\u00e4 verkkokurssilla voit suorittaa opinnon itsen\u00e4isesti k\u00e4ym\u00e4ll\u00e4 materiaalin l\u00e4pi ja tekem\u00e4ll\u00e4 lopputestin.<\/p>\n\n\n\n<p>Testiss\u00e4 on kysymyksi\u00e4 johdannosta, YK:n 2030 tavoitteista sek\u00e4 kest\u00e4v\u00e4n kehityksen kaikista osa-alueista. Kysymykset ovat valintakysymyksi\u00e4, joissa on v\u00e4itt\u00e4mi\u00e4 ja niihin tulee vastata joko Totta tai Tarua -vastauksilla. Kustakin kysymyksest\u00e4 voi saada maksimissaan kolme pistett\u00e4 ja siis<br>kustakin v\u00e4itt\u00e4m\u00e4st\u00e4 saa yhden pisteen mik\u00e4li se on oikein. Kunkin kysymyksen v\u00e4itt\u00e4mist\u00e4 voi olla totta tai tarua my\u00f6s kaikki vaihtoehdot, joten ole tarkkana vastatessasi.<\/p>\n\n\n\n<p>Testin tuloksena saat pistem\u00e4\u00e4r\u00e4n ja voit tarkistaa taulukosta saamasi arvosanan. Pisteet ja arvosana siirtyy suoraan opintoon liitetylle vastuuopettajalle, joka kirjaa arvosanasi opintosuoritusrekisteriisi. Oikeat vastaukset saat tutkailemalla materiaalia uudelleen tai k\u00e4ym\u00e4ll\u00e4 keskustelun ohjaavan opettajan kanssa.<\/p>\n\n\n\n<p>Mukavia opiskeluhetki\u00e4 kest\u00e4v\u00e4n kehityksen opinnon parissa!<\/p>\n<\/div>\n<\/div>\n","protected":false},"excerpt":{"rendered":"<p>Tervetuloa kest\u00e4v\u00e4n kehityksen verkkokurssille Kest\u00e4v\u00e4n kehityksen edist\u00e4minen, 1 osp Opiskelija osaa: toimia kest\u00e4v\u00e4n kehityksen periaatteiden mukaisesti ottaa huomioon elinkaariajattelun periaatteet pohtia ratkaisuja eettisist\u00e4 n\u00e4k\u00f6kulmista. Ohje opinnon suorittamiseen Kest\u00e4v\u00e4n kehityksen opinto kuuluu ammatillisen tutkinnon yhteisiin tutkinnon osiin ja on pakollinen 1 osaamispisteen laajuinen opinto. T\u00e4ll\u00e4 verkkokurssilla voit suorittaa opinnon itsen\u00e4isesti k\u00e4ym\u00e4ll\u00e4 materiaalin l\u00e4pi ja tekem\u00e4ll\u00e4 lopputestin. [&hellip;]<\/p>\n","protected":false},"author":1,"featured_media":0,"parent":0,"menu_order":0,"comment_status":"closed","ping_status":"closed","template":"fullwidth.php","meta":{"footnotes":""},"class_list":["post-6","page","type-page","status-publish","hentry"],"_links":{"self":[{"href":"https:\/\/keke.bc.fi\/Kestava-kehitys\/suomi\/wp-json\/wp\/v2\/pages\/6","targetHints":{"allow":["GET"]}}],"collection":[{"href":"https:\/\/keke.bc.fi\/Kestava-kehitys\/suomi\/wp-json\/wp\/v2\/pages"}],"about":[{"href":"https:\/\/keke.bc.fi\/Kestava-kehitys\/suomi\/wp-json\/wp\/v2\/types\/page"}],"author":[{"embeddable":true,"href":"https:\/\/keke.bc.fi\/Kestava-kehitys\/suomi\/wp-json\/wp\/v2\/users\/1"}],"replies":[{"embeddable":true,"href":"https:\/\/keke.bc.fi\/Kestava-kehitys\/suomi\/wp-json\/wp\/v2\/comments?post=6"}],"version-history":[{"count":99,"href":"https:\/\/keke.bc.fi\/Kestava-kehitys\/suomi\/wp-json\/wp\/v2\/pages\/6\/revisions"}],"predecessor-version":[{"id":748,"href":"https:\/\/keke.bc.fi\/Kestava-kehitys\/suomi\/wp-json\/wp\/v2\/pages\/6\/revisions\/748"}],"wp:attachment":[{"href":"https:\/\/keke.bc.fi\/Kestava-kehitys\/suomi\/wp-json\/wp\/v2\/media?parent=6"}],"curies":[{"name":"wp","href":"https:\/\/api.w.org\/{rel}","templated":true}]}}