{"id":682,"date":"2019-12-13T09:30:55","date_gmt":"2019-12-13T09:30:55","guid":{"rendered":"http:\/\/public.bc.fi\/s1700512\/Kestava-kehitys\/suomi\/?page_id=682"},"modified":"2020-04-30T10:50:15","modified_gmt":"2020-04-30T10:50:15","slug":"info","status":"publish","type":"page","link":"https:\/\/keke.bc.fi\/Kestava-kehitys\/suomi\/info\/","title":{"rendered":"Info"},"content":{"rendered":"\n<h1 class=\"has-text-align-left wp-block-heading\">KEST\u00c4V\u00c4N KEHITYKSEN DIGITAALINEN OPPIMATERIAALI &#8211; HANKE\u00a0<\/h1>\n\n\n\n<p class=\"has-text-color has-medium-font-size has-cyan-bluish-gray-color\"><strong>Hankeaika 14.12.2018 &#8211; 31.12.2019 <\/strong><\/p>\n\n\n\n<h2 class=\"wp-block-heading\">Toteuttajat<\/h2>\n\n\n\n<ul class=\"wp-block-list\"><li>Helsinki Business College, BC, koordinaattori <\/li><li>Etel\u00e4-Savon Koulutus Oy\/Etel\u00e4-Savon ammattiopisto <\/li><li>Koulutuskuntayhtym\u00e4 Tavastia\/Ammattiopisto Tavastia <\/li><li>Rovaniemen koulutuskuntayhtym\u00e4\/Lapin koulutuskeskus REDU <\/li><li>Svenska framtidskolan i Helsingforsregionen Ab (Yrkeinstitutet Practikum) <\/li><li>Tampereen kaupunki\/Tampereen seudun ammattiopisto TREDU <\/li><li>Turun ammattiopistos\u00e4\u00e4ti\u00f6, TAO <\/li><\/ul>\n\n\n\n<h2 class=\"wp-block-heading\">Rahoittaja<\/h2>\n\n\n\n<p>Opetushallitus<\/p>\n\n\n\n<figure class=\"wp-block-image size-large\"><img loading=\"lazy\" decoding=\"async\" width=\"200\" height=\"192\" src=\"https:\/\/keke.bc.fi\/Kestava-kehitys\/suomi\/wp-content\/uploads\/sites\/2\/2019\/12\/oph.png\" alt=\"\" class=\"wp-image-684\"\/><\/figure>\n\n\n\n<h2 class=\"wp-block-heading\">Verkkosivun tekninen toteutus<\/h2>\n\n\n\n<p>Kim H\u00e4m\u00e4l\u00e4inen, Raimo Nordstr\u00f6m ja Miko H\u00e4kkinen<br>Business College Helsinki<\/p>\n","protected":false},"excerpt":{"rendered":"<p>KEST\u00c4V\u00c4N KEHITYKSEN DIGITAALINEN OPPIMATERIAALI &#8211; HANKE\u00a0 Hankeaika 14.12.2018 &#8211; 31.12.2019 Toteuttajat Helsinki Business College, BC, koordinaattori Etel\u00e4-Savon Koulutus Oy\/Etel\u00e4-Savon ammattiopisto Koulutuskuntayhtym\u00e4 Tavastia\/Ammattiopisto Tavastia Rovaniemen koulutuskuntayhtym\u00e4\/Lapin koulutuskeskus REDU Svenska framtidskolan i Helsingforsregionen Ab (Yrkeinstitutet Practikum) Tampereen kaupunki\/Tampereen seudun ammattiopisto TREDU Turun ammattiopistos\u00e4\u00e4ti\u00f6, TAO Rahoittaja Opetushallitus Verkkosivun tekninen toteutus Kim H\u00e4m\u00e4l\u00e4inen, Raimo Nordstr\u00f6m ja Miko H\u00e4kkinenBusiness College [&hellip;]<\/p>\n","protected":false},"author":1,"featured_media":0,"parent":0,"menu_order":0,"comment_status":"closed","ping_status":"closed","template":"fullwidth.php","meta":{"footnotes":""},"class_list":["post-682","page","type-page","status-publish","hentry"],"_links":{"self":[{"href":"https:\/\/keke.bc.fi\/Kestava-kehitys\/suomi\/wp-json\/wp\/v2\/pages\/682","targetHints":{"allow":["GET"]}}],"collection":[{"href":"https:\/\/keke.bc.fi\/Kestava-kehitys\/suomi\/wp-json\/wp\/v2\/pages"}],"about":[{"href":"https:\/\/keke.bc.fi\/Kestava-kehitys\/suomi\/wp-json\/wp\/v2\/types\/page"}],"author":[{"embeddable":true,"href":"https:\/\/keke.bc.fi\/Kestava-kehitys\/suomi\/wp-json\/wp\/v2\/users\/1"}],"replies":[{"embeddable":true,"href":"https:\/\/keke.bc.fi\/Kestava-kehitys\/suomi\/wp-json\/wp\/v2\/comments?post=682"}],"version-history":[{"count":11,"href":"https:\/\/keke.bc.fi\/Kestava-kehitys\/suomi\/wp-json\/wp\/v2\/pages\/682\/revisions"}],"predecessor-version":[{"id":754,"href":"https:\/\/keke.bc.fi\/Kestava-kehitys\/suomi\/wp-json\/wp\/v2\/pages\/682\/revisions\/754"}],"wp:attachment":[{"href":"https:\/\/keke.bc.fi\/Kestava-kehitys\/suomi\/wp-json\/wp\/v2\/media?parent=682"}],"curies":[{"name":"wp","href":"https:\/\/api.w.org\/{rel}","templated":true}]}}