{"id":277,"date":"2019-09-12T18:50:21","date_gmt":"2019-09-12T18:50:21","guid":{"rendered":"http:\/\/public.bc.fi\/s1700512\/Kestava-kehitys\/svenska\/?page_id=277"},"modified":"2020-01-23T08:19:36","modified_gmt":"2020-01-23T08:19:36","slug":"inledning","status":"publish","type":"page","link":"https:\/\/keke.bc.fi\/Kestava-kehitys\/svenska\/inledning\/","title":{"rendered":"Inledning"},"content":{"rendered":"\n<h1 class=\"has-text-align-center wp-block-heading\">H\u00e5llbar Utveckling<\/h1>\n\n\n\n<div style=\"height:20px\" aria-hidden=\"true\" class=\"wp-block-spacer\"><\/div>\n\n\n\n<div class=\"wp-block-columns has-2-columns is-layout-flex wp-container-core-columns-is-layout-9d6595d7 wp-block-columns-is-layout-flex\">\n<div class=\"wp-block-column is-layout-flow wp-block-column-is-layout-flow\">\n<p>M\u00e4nniskan \u00e4r en del av milj\u00f6n. I dagens l\u00e4ge \u00e4r jorden den enda planeten med f\u00f6ruts\u00e4ttningar f\u00f6r<br> m\u00e4nniskoliv man k\u00e4nner till. D\u00e4rf\u00f6r \u00e4r det v\u00e4ldigt viktigt att vi tar hand om v\u00e5r planet. \u00c4ven om det skulle finnas andra planeter med f\u00f6ruts\u00e4ttningar f\u00f6r liv, skulle det vara alldeles f\u00f6r avancerat f\u00f6r dagens teknologi att bilda nya samh\u00e4llen p\u00e5 dem.<\/p>\n\n\n\n<p>M\u00e4nniskan belastar milj\u00f6n p\u00e5 m\u00e5nga s\u00e4tt. Vi f\u00f6rbrukar allt mer naturtillg\u00e5ngar och t.ex. byggbranschen s\u00e4tter sina sp\u00e5r i jordens mark och landskap. Det orsakar en s\u00e4mre h\u00e5llbarhet f\u00f6r milj\u00f6n och ger d\u00e4rmed s\u00e4mre f\u00f6ruts\u00e4ttningar f\u00f6r m\u00e4nniskan att \u00f6verleva. D\u00e5 vi f\u00f6rbrukar naturresurser sker f\u00f6r\u00e4ndringar som \u00e4r skadliga f\u00f6r milj\u00f6n. Bl.a. leder det till klimatf\u00f6r\u00e4ndring, skadliga f\u00f6reningar i luften och f\u00e4rre naturtillg\u00e5ngar. Till r\u00e5ga p\u00e5 det s\u00e5 tar fler och fler byggnader den gr\u00f6na naturens plats.<\/p>\n\n\n\n<p>M\u00e4nniskan str\u00e4var hela tiden till att \u00f6ka sitt v\u00e4lm\u00e5ende, men f\u00f6rst och fr\u00e4mst handlar det om att h\u00e5llas vid liv i kampen om \u00f6verlevnad. Efter det blir m\u00e5let f\u00f6r m\u00e4nniskan att m\u00e5 s\u00e5 bra som m\u00f6jligt. D\u00e5 m\u00e4nniskan f\u00f6rs\u00f6ker f\u00f6rb\u00e4ttra sitt v\u00e4lm\u00e5ende p\u00e5verkas milj\u00f6n ibland negativt, dess gr\u00e4nser syns redan tydligt. Hur kan vi som vanliga individer, konsumenter och f\u00f6retagare minimera milj\u00f6skador och bevara en livsduglig och f\u00f6rnybar planet? Det \u00e4r n\u00e5got var och en borde fundera p\u00e5.<\/p>\n<\/div>\n\n\n\n<div class=\"wp-block-column is-layout-flow wp-block-column-is-layout-flow\">\n<iframe loading=\"lazy\" width=\"470\" height=\"250\" src=\"https:\/\/www.youtube.com\/embed\/XZHzxzZZT40\" frameborder=\"0\" allow=\"accelerometer; autoplay; encrypted-media; gyroscope; picture-in-picture\" allowfullscreen><\/iframe>\n\n\n\n<figure class=\"wp-block-video laululuonnolle\"><video height=\"1080\" style=\"aspect-ratio: 1920 \/ 1080;\" width=\"1920\" controls poster=\"https:\/\/keke.bc.fi\/Kestava-kehitys\/svenska\/wp-content\/uploads\/sites\/4\/2019\/11\/thumbnail-laululuonnolle.png\" src=\"https:\/\/keke.bc.fi\/Kestava-kehitys\/svenska\/wp-content\/uploads\/sites\/4\/LauluLuonnolleTEST.mp4\"><\/video><figcaption> Sjung f\u00f6r klimatet  <\/figcaption><\/figure>\n<\/div>\n<\/div>\n","protected":false},"excerpt":{"rendered":"<p>H\u00e5llbar Utveckling M\u00e4nniskan \u00e4r en del av milj\u00f6n. I dagens l\u00e4ge \u00e4r jorden den enda planeten med f\u00f6ruts\u00e4ttningar f\u00f6r m\u00e4nniskoliv man k\u00e4nner till. D\u00e4rf\u00f6r \u00e4r det v\u00e4ldigt viktigt att vi tar hand om v\u00e5r planet. \u00c4ven om det skulle finnas andra planeter med f\u00f6ruts\u00e4ttningar f\u00f6r liv, skulle det vara alldeles f\u00f6r avancerat f\u00f6r dagens teknologi [&hellip;]<\/p>\n","protected":false},"author":1,"featured_media":0,"parent":0,"menu_order":0,"comment_status":"closed","ping_status":"closed","template":"fullwidth.php","meta":{"footnotes":""},"class_list":["post-277","page","type-page","status-publish","hentry"],"_links":{"self":[{"href":"https:\/\/keke.bc.fi\/Kestava-kehitys\/svenska\/wp-json\/wp\/v2\/pages\/277","targetHints":{"allow":["GET"]}}],"collection":[{"href":"https:\/\/keke.bc.fi\/Kestava-kehitys\/svenska\/wp-json\/wp\/v2\/pages"}],"about":[{"href":"https:\/\/keke.bc.fi\/Kestava-kehitys\/svenska\/wp-json\/wp\/v2\/types\/page"}],"author":[{"embeddable":true,"href":"https:\/\/keke.bc.fi\/Kestava-kehitys\/svenska\/wp-json\/wp\/v2\/users\/1"}],"replies":[{"embeddable":true,"href":"https:\/\/keke.bc.fi\/Kestava-kehitys\/svenska\/wp-json\/wp\/v2\/comments?post=277"}],"version-history":[{"count":29,"href":"https:\/\/keke.bc.fi\/Kestava-kehitys\/svenska\/wp-json\/wp\/v2\/pages\/277\/revisions"}],"predecessor-version":[{"id":736,"href":"https:\/\/keke.bc.fi\/Kestava-kehitys\/svenska\/wp-json\/wp\/v2\/pages\/277\/revisions\/736"}],"wp:attachment":[{"href":"https:\/\/keke.bc.fi\/Kestava-kehitys\/svenska\/wp-json\/wp\/v2\/media?parent=277"}],"curies":[{"name":"wp","href":"https:\/\/api.w.org\/{rel}","templated":true}]}}