{"id":390,"date":"2019-11-02T01:55:09","date_gmt":"2019-11-02T01:55:09","guid":{"rendered":"http:\/\/public.bc.fi\/s1700512\/Kestava-kehitys\/svenska\/?page_id=390"},"modified":"2020-04-28T11:50:05","modified_gmt":"2020-04-28T11:50:05","slug":"kulturell-hallbarhet","status":"publish","type":"page","link":"https:\/\/keke.bc.fi\/Kestava-kehitys\/svenska\/kulturell-hallbarhet\/","title":{"rendered":"Kulturell h\u00e5llbarhet"},"content":{"rendered":"\n<h1 class=\"has-text-align-center wp-block-heading\">Kulturell h\u00e5llbarhet<\/h1>\n\n\n\n<p>Kulturell h\u00e5llbarhet \u00e4r ett av h\u00e5llbarhetens delomr\u00e5de. Det omfattar s\u00e5dant som h\u00f6r till kulturen s\u00e5 som spr\u00e5k, traditioner och olika s\u00e4tt samt bevarandet av dem. Den kulturella h\u00e5llbarheten accepterar m\u00e5ngfald och en balanserad tillv\u00e4xt som accepterar och respekterar allas&nbsp; r\u00e4ttigheter.&nbsp;<\/p>\n\n\n\n<div class=\"wp-block-columns has-3-columns is-layout-flex wp-container-core-columns-is-layout-9d6595d7 wp-block-columns-is-layout-flex\">\n<div class=\"wp-block-column is-layout-flow wp-block-column-is-layout-flow\"><\/div>\n\n\n\n<div class=\"wp-block-column kulttuurinen-flex is-layout-flow wp-block-column-is-layout-flow\">\n<div class=\"wp-block-image\"><figure class=\"aligncenter\"><a href=\"#hallbara-stader-och-samhallen\"><img loading=\"lazy\" decoding=\"async\" width=\"150\" height=\"150\" src=\"http:\/\/keke.bc.fi\/Kestava-kehitys\/Kestava-kehitys\/svenska\/wp-content\/uploads\/sites\/4\/2019\/11\/11-sv-150x150.png\" alt=\"\" class=\"wp-image-618\" srcset=\"https:\/\/keke.bc.fi\/Kestava-kehitys\/svenska\/wp-content\/uploads\/sites\/4\/2019\/11\/11-sv-150x150.png 150w, https:\/\/keke.bc.fi\/Kestava-kehitys\/svenska\/wp-content\/uploads\/sites\/4\/2019\/11\/11-sv.png 240w\" sizes=\"auto, (max-width: 150px) 100vw, 150px\" \/><\/a><\/figure><\/div>\n\n\n\n<div class=\"wp-block-image\"><figure class=\"aligncenter\"><a href=\"#fred-rattvisa-och-god-forvaltning\"><img loading=\"lazy\" decoding=\"async\" width=\"150\" height=\"150\" src=\"http:\/\/keke.bc.fi\/Kestava-kehitys\/Kestava-kehitys\/svenska\/wp-content\/uploads\/sites\/4\/2019\/11\/16-sv-150x150.png\" alt=\"\" class=\"wp-image-623\" srcset=\"https:\/\/keke.bc.fi\/Kestava-kehitys\/svenska\/wp-content\/uploads\/sites\/4\/2019\/11\/16-sv-150x150.png 150w, https:\/\/keke.bc.fi\/Kestava-kehitys\/svenska\/wp-content\/uploads\/sites\/4\/2019\/11\/16-sv.png 240w\" sizes=\"auto, (max-width: 150px) 100vw, 150px\" \/><\/a><\/figure><\/div>\n\n\n\n<div class=\"wp-block-image\"><figure class=\"aligncenter\"><a href=\"#globalt-partnerskap-for-hallbar-utveckling\"><img loading=\"lazy\" decoding=\"async\" width=\"150\" height=\"150\" src=\"http:\/\/keke.bc.fi\/Kestava-kehitys\/Kestava-kehitys\/svenska\/wp-content\/uploads\/sites\/4\/2019\/11\/17-sv-150x150.png\" alt=\"\" class=\"wp-image-624\" srcset=\"https:\/\/keke.bc.fi\/Kestava-kehitys\/svenska\/wp-content\/uploads\/sites\/4\/2019\/11\/17-sv-150x150.png 150w, https:\/\/keke.bc.fi\/Kestava-kehitys\/svenska\/wp-content\/uploads\/sites\/4\/2019\/11\/17-sv.png 240w\" sizes=\"auto, (max-width: 150px) 100vw, 150px\" \/><\/a><\/figure><\/div>\n<\/div>\n\n\n\n<div class=\"wp-block-column is-layout-flow wp-block-column-is-layout-flow\"><\/div>\n<\/div>\n\n\n\n<hr class=\"wp-block-separator\"\/>\n\n\n\n<div id=\"hallbara-stader-och-samhallen\"><\/div>\n\n\n\n<h2 class=\"wp-block-heading\">H\u00e5llbara st\u00e4der och samh\u00e4llen<\/h2>\n\n\n\n<div class=\"wp-block-image\"><figure class=\"alignleft\"><img loading=\"lazy\" decoding=\"async\" width=\"150\" height=\"150\" src=\"http:\/\/keke.bc.fi\/Kestava-kehitys\/Kestava-kehitys\/svenska\/wp-content\/uploads\/sites\/4\/2019\/11\/11-sv-150x150.png\" alt=\"\" class=\"wp-image-618\" srcset=\"https:\/\/keke.bc.fi\/Kestava-kehitys\/svenska\/wp-content\/uploads\/sites\/4\/2019\/11\/11-sv-150x150.png 150w, https:\/\/keke.bc.fi\/Kestava-kehitys\/svenska\/wp-content\/uploads\/sites\/4\/2019\/11\/11-sv.png 240w\" sizes=\"auto, (max-width: 150px) 100vw, 150px\" \/><\/figure><\/div>\n\n\n\n<p>H\u00e5llbara st\u00e4der och samh\u00e4llen h\u00f6r till den kulturella h\u00e5llbarheten och m\u00e5let \u00e4r att garantera trygga och h\u00e5llbara st\u00e4der och samh\u00e4llen f\u00f6r inv\u00e5narna. Den centrala aspekten \u00e4r urbaniseringen, som omfattar samtliga inv\u00e5nare i ett land. Majoriteten av l\u00e4nets inv\u00e5nare bor nuf\u00f6rtiden i st\u00e4der, det finns dock skillnader mellan l\u00e4nderna. Att h\u00e5lla koll p\u00e5 urbaniseringen och att den sker h\u00e5llbart \u00e4r en av m\u00e4nniskans st\u00f6rsta utmaningar. En h\u00e5llbar stad skapar m\u00f6jligheter f\u00f6r sina inv\u00e5nare, men garanterar samtidigt bastj\u00e4nster ( tex social- och h\u00e4lsov\u00e5rdstj\u00e4nster) energitillg\u00e5ng, goda boendef\u00f6rh\u00e5llanden och transportm\u00f6jligheter och allt detta utan att belasta eller smutsa ner milj\u00f6n <\/p>\n\n\n\n<p>Urbaniseringen erbjuder arbetsplatser, ger inkomster och f\u00f6r\u00e4dlar kulturer. St\u00e4derna erbjuder ocks\u00e5 b\u00e4ttre tillg\u00e5ng&nbsp; till utbildning och h\u00e4lsov\u00e5rd \u00e4n vad landsbygden g\u00f6r. De \u00f6kade inkomsterna som urbaniseringen erbjuder \u00f6kar dock \u00e4ven konsumtionen. Inv\u00e5narnas obeh\u00e4rskade urbanisering i t\u00e4tbefolkade st\u00e4der f\u00f6rst\u00f6r och smutsar ner omgivningen, \u00f6kar bilarnas antal och skapar oj\u00e4mlikhet inv\u00e5narna emellan. Den extrema fattigdomen \u00e4r vanligtvis koncentrerad till st\u00e4derna. <\/p>\n\n\n\n<p>Ifall samh\u00e4llet kan garantera trygghet f\u00f6r inv\u00e5narna \u00e4r urbaniseringen trygg och h\u00e5llbar. P\u00e5 internationell niv\u00e5 betyder det minskande av slumomr\u00e5den. En h\u00e5llbar urbanisering inneb\u00e4r \u00e4ven investeringar i kollektivtrafiken, skapandet av gr\u00f6nomr\u00e5den, att ge inv\u00e5narna m\u00f6jlighet att delta i stadsplaneringen ( parker, sportplaner, cykelv\u00e4gar, lekplatser mm) I en h\u00e5llbar urbanisering beaktas \u00e4ven eventuella katastrofer ( tex vattendragens nedsmutsning)&nbsp;och konkreta handlingar f\u00f6r att bek\u00e4mpa milj\u00f6f\u00f6rst\u00f6ringen. Samtidigt v\u00e4rnar man om kulturarvet och naturarv. <br><\/p>\n\n\n\n<hr class=\"wp-block-separator is-style-wide\"\/>\n\n\n\n<div id=\"fred-rattvisa-och-god-forvaltning\"><\/div>\n\n\n\n<h2 class=\"wp-block-heading\">Fredliga och inkluderande samh\u00e4llen <\/h2>\n\n\n\n<div class=\"wp-block-image\"><figure class=\"alignleft\"><img loading=\"lazy\" decoding=\"async\" width=\"150\" height=\"150\" src=\"http:\/\/keke.bc.fi\/Kestava-kehitys\/Kestava-kehitys\/svenska\/wp-content\/uploads\/sites\/4\/2019\/11\/16-sv-150x150.png\" alt=\"\" class=\"wp-image-623\" srcset=\"https:\/\/keke.bc.fi\/Kestava-kehitys\/svenska\/wp-content\/uploads\/sites\/4\/2019\/11\/16-sv-150x150.png 150w, https:\/\/keke.bc.fi\/Kestava-kehitys\/svenska\/wp-content\/uploads\/sites\/4\/2019\/11\/16-sv.png 240w\" sizes=\"auto, (max-width: 150px) 100vw, 150px\" \/><\/figure><\/div>\n\n\n\n<p>Fred, stabilitet, m\u00e4nskliga r\u00e4ttigheter och en bra regering \u00e4r viktiga f\u00f6ruts\u00e4ttningar f\u00f6r h\u00e5llbar utveckling. Fred och r\u00e4ttvis och gott ledarskap h\u00f6r till den kulturella h\u00e5llbarheten d\u00e4r m\u00e5let \u00e4r att fr\u00e4mja ett fredligt samh\u00e4lle som garanterar r\u00e4ttvisa och j\u00e4mlika juridiska tj\u00e4nster. Som begrepp tolkas fred vanligtvis som en motsats till krig, som i sin tur inneb\u00e4r v\u00e5ld och olika konflikter. Fred mellan nationer tex. endast i fredliga f\u00f6rh\u00e5llanden kan individerna respektera varandra, njuta av ett j\u00e4mlikt liv och nyttja sina r\u00e4ttigheter.&nbsp;<\/p>\n\n\n\n<p>R\u00e4ttvisa \u00e4r som definition utmanande, men den tangerar \u00e5tminstone p\u00e5 v\u00e4ldigt n\u00e4ra h\u00e5ll m\u00e4nskliga r\u00e4ttigheter och j\u00e4mlikhet. Nationernas lagar och kulturer speglar deras uppfattning om r\u00e4ttvisa. R\u00e4tt till en god regering \u00e4r en basr\u00e4ttighet som tillh\u00f6r alla l. En god regering ger goda lagar <\/p>\n\n\n\n<p> Fred \u00e4r \u00e4ven globala teman och viktiga v\u00e4rderingar, s\u00e5som demokrati, aktivt medborgarskap , j\u00e4mlikhet, antirasism, m\u00e4nskliga r\u00e4ttigheter och v\u00e5ld fritt. Vapen, v\u00e5ld och otrygghet har en destruktiv inverkan p\u00e5 nationernas utveckling. Att bevara och v\u00e4rna om freden \u00e4r en av de F\u00f6renta Nationernas ( FNs) k\u00e4rnuppgifter. FN arbetar f\u00f6r att f\u00f6rhindra att kriser uppst\u00e5r och str\u00e4var till att minska politiska sp\u00e4nningar samt att l\u00f6sa de konflikter som redan uppst\u00e5tt.  <br><\/p>\n\n\n\n<div class=\"wp-block-columns has-3-columns is-layout-flex wp-container-core-columns-is-layout-9d6595d7 wp-block-columns-is-layout-flex\">\n<div class=\"wp-block-column is-layout-flow wp-block-column-is-layout-flow\">\n<p><\/p>\n<\/div>\n\n\n\n<div class=\"wp-block-column is-layout-flow wp-block-column-is-layout-flow\">\n<p class=\"has-text-align-center\">\n\n\u201cFred betyder nog ocks\u00e5 individens m\u00f6jligheter att kunna k\u00e4nna sig trygg. Fred \u00e4r ocks\u00e5 att visa respekt mot m\u00e4nniskor man m\u00f6ter i vardagen. Fred \u00e4r empati och str\u00e4van till det\u201d <br>\t\t\t\t\t\t\t\t\t-Man, 26 \u00e5r, Finland- \n\n<\/p>\n\n\n\n<p> <\/p>\n<\/div>\n\n\n\n<div class=\"wp-block-column is-layout-flow wp-block-column-is-layout-flow\">\n<p><\/p>\n<\/div>\n<\/div>\n\n\n\n<p>M\u00e5len f\u00f6r h\u00e5llbar utveckling \u00e4r att minska v\u00e5ld i alla dess former, f\u00f6rst\u00e4rka samarbetet med de lokala regeringarna och samh\u00e4llena samt l\u00f6sa konflikter och krissituationer. <\/p>\n\n\n\n<p>R\u00e4ttvisebegreppet \u00e4r sv\u00e5rt att definiera p\u00e5 ett simpelt s\u00e4tt, f\u00f6r man kan se p\u00e5 det b\u00e5de ur individens och ur samh\u00e4llets perspektiv. Beroende p\u00e5 den kulturella bakgrunden kan tex j\u00e4mlikhet tolkas p\u00e5 v\u00e4ldigt m\u00e5nga olika s\u00e4tt. Som grund f\u00f6r r\u00e4ttvisan st\u00e5r de m\u00e4nskliga r\u00e4ttigheterna. R\u00e4ttvisa finns i vardagen. Arbetsh\u00e4lsa och v\u00e4lm\u00e5ende p\u00e5 jobbet \u00e4r ett tecken p\u00e5 r\u00e4ttvisa. En arbetares r\u00e4ttigheter kan leda till oegentligheter f\u00f6r en annan arbetare. att f\u00f6rsvara sina egna r\u00e4ttigheter inneb\u00e4r att man ocks\u00e5 skall notera sina skyldigheter och det egna ansvaret. Viktigast ang\u00e5ende r\u00e4ttvisan \u00e4r att&nbsp; se varje m\u00e4nniska som en v\u00e4rdefull och likv\u00e4rdig i fr\u00e5ga om r\u00e4ttigheter och skyldigheter. <br>\u201cVi \u00e4r alla likadana och vi \u00e4r alla unika \u201dDet finns n\u00e5got gemensamt i oss alla, universellt, och d\u00e4rf\u00f6r skall alla m\u00e4nniskor bem\u00f6tas r\u00e4ttvist. <\/p>\n\n\n\n<p>En god regering f\u00f6ruts\u00e4tter att myndigheterna behandlar sina medborgare j\u00e4mlikt och att ingen diskrimineras. Myndigheterna b\u00f6r agera enligt g\u00e4llande lagar och opartiskt. Deth\u00e4r delomr\u00e5det p\u00e5verkar v\u00e5ra liv mycket. Samh\u00e4llets stadiga utveckling ger oss trygghet p\u00e5 m\u00e5nga olika plan. N\u00e4r r\u00e4ttsv\u00e4sendet, polisen eller n\u00e5gon annan myndighet agerar f\u00f6rtroligt och transparent, ibland m\u00e4rker vi dem inte och uppskattar kanske d\u00e4rf\u00f6r inte dem, men om vi inte hade dem skulle det p\u00e5verka vardagen mycket. <\/p>\n\n\n\n<div class=\"wp-block-columns has-2-columns is-layout-flex wp-container-core-columns-is-layout-9d6595d7 wp-block-columns-is-layout-flex\">\n<div class=\"wp-block-column is-layout-flow wp-block-column-is-layout-flow\">\n<div class=\"center-video-container\">\n<iframe loading=\"lazy\" width=\"560\" height=\"315\" src=\"https:\/\/www.youtube.com\/embed\/UtegUGSK1bg\" frameborder=\"0\" allow=\"accelerometer; autoplay; encrypted-media; gyroscope; picture-in-picture\" allowfullscreen=\"\"><\/iframe>\n<p>UN Peacekeeping animation &#8211; Security and rule of law in the field<\/p>\n<\/div>\n<\/div>\n\n\n\n<div class=\"wp-block-column is-layout-flow wp-block-column-is-layout-flow\">\n<div class=\"center-video-container\">\n<figure><iframe loading=\"lazy\" width=\"560\" height=\"315\" src=\"https:\/\/www.youtube.com\/embed\/wMU6g1NAn48\" allowfullscreen=\"\"><\/iframe><\/figure>\n<p>Mit\u00e4 ihmisoikeudet ovat? | Amnesty International &#8211; Suomen osasto<\/p>\n<\/div>\n<\/div>\n<\/div>\n\n\n\n<p>En god regerings uppgift \u00e4r att trygga den offentliga informationsg\u00e5ngen. Du har som medborgare r\u00e4tt att veta myndigheternas planer och \u00e5tg\u00e4rder tex g\u00e4llande stadsplanering och ordnande av dagv\u00e5rd och h\u00e4lsov\u00e5rd <\/p>\n\n\n\n<p>FN har p\u00e5 global niv\u00e5 satt upp m\u00e5l f\u00f6r att minska v\u00e5ldet,&nbsp; fr\u00e4mja r\u00e4ttslig trygghet, k\u00e4mpa mot organiserad kriminalitet, f\u00f6rhindra korruption och andra ageranden som motverkar uppn\u00e5endet av de Globala h\u00e5llbara m\u00e5len.  <\/p>\n\n\n\n<hr class=\"wp-block-separator is-style-wide\"\/>\n\n\n\n<div id=\"globalt-partnerskap-for-hallbar-utveckling\"><\/div>\n\n\n\n<h2 class=\"wp-block-heading\"> Genomf\u00f6rande och partnerskap <\/h2>\n\n\n\n<div class=\"wp-block-image\"><figure class=\"alignleft\"><img loading=\"lazy\" decoding=\"async\" width=\"150\" height=\"150\" src=\"http:\/\/keke.bc.fi\/Kestava-kehitys\/Kestava-kehitys\/svenska\/wp-content\/uploads\/sites\/4\/2019\/11\/17-sv-150x150.png\" alt=\"\" class=\"wp-image-624\" srcset=\"https:\/\/keke.bc.fi\/Kestava-kehitys\/svenska\/wp-content\/uploads\/sites\/4\/2019\/11\/17-sv-150x150.png 150w, https:\/\/keke.bc.fi\/Kestava-kehitys\/svenska\/wp-content\/uploads\/sites\/4\/2019\/11\/17-sv.png 240w\" sizes=\"auto, (max-width: 150px) 100vw, 150px\" \/><\/figure><\/div>\n\n\n\n<p>Kulturell h\u00e5llbarhet \u00e4r \u00e4ven samarbete och partnerskap. Det inneb\u00e4r att greja regeringens, den privata sektorns och medborgargrupper nas samarbete.  <\/p>\n\n\n\n<p>Samarbeta och partnerskap p\u00e5 en global niv\u00e5 \u00e4r mycket viktiga d\u00e5 staterna \u00e4r&nbsp; bundna till varann mer \u00e4n tidigare. Den teknologiska utvecklingen har gjort informationsfl\u00f6det snabbare och l\u00e4ttare, vilket i sin tur har gjort att nationerna och folkslagen \u00e4r n\u00e4rmare varann.  <\/p>\n\n\n\n<p>Samarbete och partnerskap \u00e4r den dela v h\u00e5llbar utveckling som str\u00e4var till globalt partnerskap, det kr\u00e4ver ekonomisk stabilitet i v\u00e4rlden som kan \u00f6kas genom att konsekvent och trygg politik. De fr\u00e4mjar internationell handling, som uppm\u00e4rksammar utvecklingsl\u00e4ndernas behov. P\u00e5 det s\u00e4ttet uppn\u00e5s rej\u00e4l och \u00f6ppen handel som gynnar alla. <\/p>\n\n\n\n<div class=\"center-video-container\">\n<iframe loading=\"lazy\" width=\"560\" height=\"315\" src=\"https:\/\/www.youtube.com\/embed\/oJLqyuxm96k\" frameborder=\"0\" allow=\"accelerometer; autoplay; encrypted-media; gyroscope; picture-in-picture\" allowfullscreen=\"\"><\/iframe>\n<p>Africa For Norway &#8211; New charity single out now! | SAIH Norway<\/p>\n<\/div>\n\n\n\n<p>F\u00f6r att uppn\u00e5 kraven f\u00f6r h\u00e5llbar utveckling kr\u00e4vs \u00e4ven l\u00e5ngtida investeringar i utvecklingsl\u00e4nderna. M\u00e5nga l\u00e4nder ger utvecklingshj\u00e4lp till andra l\u00e4nder f\u00f6r att f\u00f6rb\u00e4ttra deras ekonomiska tillv\u00e4xt. Dessa bidrag kan anv\u00e4ndas till milj\u00f6v\u00e4nlig teknologi, samt spridningen av dessa.&nbsp; \u00c4ven utbildning kan ges som utvecklingsbist\u00e5nd. Att st\u00f6dja l\u00e4s- och skrivf\u00e4rdigheter \u00e4r \u00e4ven ett effektivt s\u00e4tt att motverka fattigdom. M\u00e5let \u00e4r \u00e4ven att f\u00e5 medborgarorganisationer att samarbeta b\u00e5de lokalt och globalt. I Finland \u00e4r det inte s\u00e5 vanligt att f\u00f6retagen deltar i det sk officiella bist\u00e5ndsarbetet, men det har b\u00f6rjat \u00e4ndra sig under de senaste \u00e5ren. F\u00f6retag och organisationer samarbetar , vilket \u00e4r bra d\u00e5 organisationerna vet vad som l\u00f6nar sig att g\u00f6ra i utvecklingsl\u00e4nderna och har erfarenhet av det.&nbsp;<br><\/p>\n\n\n\n<p>F\u00f6retagena b\u00f6r dock komma ih\u00e5g att m\u00e5let med Finlands bist\u00e5ndsarbete fr\u00e4mst \u00e4r att utrota fattigdom och oj\u00e4mlikhet. <\/p>\n\n\n\n<p>Medborgarorganisationerna \u00e4r inte bundna av regeringen och oftast har de inte n\u00e5gon ekonomisk vinst som m\u00e5l. De har ofta m\u00e5ngsidiga m\u00e5l och fungerar som spr\u00e5kr\u00f6r f\u00f6r allm\u00e4nheten. Medborgarorganisationerna str\u00e4var till att se tilla tt medborgarnas r\u00f6st h\u00f6rs i beslutsfattningen.&nbsp;<\/p>\n\n\n\n<p>Deras roll \u00e4r mycket viktig i fr\u00e4mjandet av h\u00e5llbar utveckling. K\u00e4nd organisationer i Finland \u00e4r Mannerheims barnskydd Animalia, Seta och Ihmisoikeusliitto. M\u00e5nga organisationer \u00e4r globala ss R\u00f6da korset, Unicef och&nbsp; Amnesty International. Medborgarorganisationerna \u00e4r mindre grupper, som tex husbolag, f\u00f6r\u00e4ldragrupper och seniorgrupper + hobbygrupper. <br><\/p>\n\n\n\n<div class=\"center-video-container\">\n<iframe loading=\"lazy\" width=\"560\" height=\"315\" src=\"https:\/\/www.youtube.com\/embed\/8qaEROHEdKs\" frameborder=\"0\" allow=\"accelerometer; autoplay; encrypted-media; gyroscope; picture-in-picture\" allowfullscreen=\"\"><\/iframe>\n<p>UN Happiness Report: Finland Is Considered The Happiest Country On Earth Despite The Cold | TIME<\/p>\n<\/div>\n\n\n\n<p><a href=\"https:\/\/keke.bc.fi\/Kestava-kehitys\/svenska\/kallor\/\">K\u00e4llor<\/a><\/p>\n","protected":false},"excerpt":{"rendered":"<p>Kulturell h\u00e5llbarhet Kulturell h\u00e5llbarhet \u00e4r ett av h\u00e5llbarhetens delomr\u00e5de. Det omfattar s\u00e5dant som h\u00f6r till kulturen s\u00e5 som spr\u00e5k, traditioner och olika s\u00e4tt samt bevarandet av dem. Den kulturella h\u00e5llbarheten accepterar m\u00e5ngfald och en balanserad tillv\u00e4xt som accepterar och respekterar allas&nbsp; r\u00e4ttigheter.&nbsp; H\u00e5llbara st\u00e4der och samh\u00e4llen H\u00e5llbara st\u00e4der och samh\u00e4llen h\u00f6r till den kulturella h\u00e5llbarheten [&hellip;]<\/p>\n","protected":false},"author":1,"featured_media":0,"parent":0,"menu_order":0,"comment_status":"closed","ping_status":"closed","template":"fullwidth.php","meta":{"footnotes":""},"class_list":["post-390","page","type-page","status-publish","hentry"],"_links":{"self":[{"href":"https:\/\/keke.bc.fi\/Kestava-kehitys\/svenska\/wp-json\/wp\/v2\/pages\/390","targetHints":{"allow":["GET"]}}],"collection":[{"href":"https:\/\/keke.bc.fi\/Kestava-kehitys\/svenska\/wp-json\/wp\/v2\/pages"}],"about":[{"href":"https:\/\/keke.bc.fi\/Kestava-kehitys\/svenska\/wp-json\/wp\/v2\/types\/page"}],"author":[{"embeddable":true,"href":"https:\/\/keke.bc.fi\/Kestava-kehitys\/svenska\/wp-json\/wp\/v2\/users\/1"}],"replies":[{"embeddable":true,"href":"https:\/\/keke.bc.fi\/Kestava-kehitys\/svenska\/wp-json\/wp\/v2\/comments?post=390"}],"version-history":[{"count":30,"href":"https:\/\/keke.bc.fi\/Kestava-kehitys\/svenska\/wp-json\/wp\/v2\/pages\/390\/revisions"}],"predecessor-version":[{"id":741,"href":"https:\/\/keke.bc.fi\/Kestava-kehitys\/svenska\/wp-json\/wp\/v2\/pages\/390\/revisions\/741"}],"wp:attachment":[{"href":"https:\/\/keke.bc.fi\/Kestava-kehitys\/svenska\/wp-json\/wp\/v2\/media?parent=390"}],"curies":[{"name":"wp","href":"https:\/\/api.w.org\/{rel}","templated":true}]}}