{"id":51,"date":"2019-09-03T16:29:13","date_gmt":"2019-09-03T16:29:13","guid":{"rendered":"http:\/\/public.bc.fi\/s1700512\/Kestava-kehitys\/svenska\/?page_id=51"},"modified":"2019-12-16T12:37:05","modified_gmt":"2019-12-16T12:37:05","slug":"studieomraden-for-hallbar-utveckling","status":"publish","type":"page","link":"https:\/\/keke.bc.fi\/Kestava-kehitys\/svenska\/studieomraden-for-hallbar-utveckling\/","title":{"rendered":"Studieomr\u00e5den f\u00f6r h\u00e5llbar utveckling"},"content":{"rendered":"\n<h1 class=\"has-text-align-center wp-block-heading\">Studieomr\u00e5den f\u00f6r h\u00e5llbar utveckling<\/h1>\n\n\n\n<div style=\"height:50px\" aria-hidden=\"true\" class=\"wp-block-spacer\"><\/div>\n\n\n\n<div class=\"wp-block-columns has-2-columns osa-alueet is-layout-flex wp-container-core-columns-is-layout-9d6595d7 wp-block-columns-is-layout-flex\">\n<div class=\"wp-block-column is-layout-flow wp-block-column-is-layout-flow\">\n<a href=\"http:\/\/keke.bc.fi\/Kestava-kehitys\/svenska\/ekonomisk-hallbarhet\/\">\n\n<h2 style=\"text-align:center\" class=\"taloudellinen-kestavyys\">Ekonomisk h\u00e5llbarhet <\/h2>\n\n<\/a>\n\n\n\n<a href=\"http:\/\/keke.bc.fi\/Kestava-kehitys\/svenska\/social-hallbarhet\/\">\n\n<h2 style=\"text-align:center\" class=\"sosiaalinen-kestavyys\"> Social h\u00e5llbarhet <\/h2>\n\n<\/a>\n<\/div>\n\n\n\n<div class=\"wp-block-column is-layout-flow wp-block-column-is-layout-flow\">\n<a href=\"http:\/\/keke.bc.fi\/Kestava-kehitys\/svenska\/ekologisk-hallbarhet\/\">\n\n<h2 style=\"text-align:center\" class=\"ekologinen-kestavyys\"> Ekologisk h\u00e5llbarhet <\/h2>\n\n<\/a>\n\n\n\n<a href=\"http:\/\/keke.bc.fi\/Kestava-kehitys\/svenska\/kulturell-hallbarhet\/\">\n\n<h2 style=\"text-align:center\" class=\"kulttuurinen-kestavyys\"> Kulturell h\u00e5llbarhet <\/h2>\n\n<\/a>\n<\/div>\n<\/div>\n\n\n\n<p><\/p>\n","protected":false},"excerpt":{"rendered":"<p>Studieomr\u00e5den f\u00f6r h\u00e5llbar utveckling Ekonomisk h\u00e5llbarhet Social h\u00e5llbarhet Ekologisk h\u00e5llbarhet Kulturell h\u00e5llbarhet<\/p>\n","protected":false},"author":1,"featured_media":0,"parent":0,"menu_order":0,"comment_status":"closed","ping_status":"closed","template":"fullwidth.php","meta":{"footnotes":""},"class_list":["post-51","page","type-page","status-publish","hentry"],"_links":{"self":[{"href":"https:\/\/keke.bc.fi\/Kestava-kehitys\/svenska\/wp-json\/wp\/v2\/pages\/51","targetHints":{"allow":["GET"]}}],"collection":[{"href":"https:\/\/keke.bc.fi\/Kestava-kehitys\/svenska\/wp-json\/wp\/v2\/pages"}],"about":[{"href":"https:\/\/keke.bc.fi\/Kestava-kehitys\/svenska\/wp-json\/wp\/v2\/types\/page"}],"author":[{"embeddable":true,"href":"https:\/\/keke.bc.fi\/Kestava-kehitys\/svenska\/wp-json\/wp\/v2\/users\/1"}],"replies":[{"embeddable":true,"href":"https:\/\/keke.bc.fi\/Kestava-kehitys\/svenska\/wp-json\/wp\/v2\/comments?post=51"}],"version-history":[{"count":52,"href":"https:\/\/keke.bc.fi\/Kestava-kehitys\/svenska\/wp-json\/wp\/v2\/pages\/51\/revisions"}],"predecessor-version":[{"id":706,"href":"https:\/\/keke.bc.fi\/Kestava-kehitys\/svenska\/wp-json\/wp\/v2\/pages\/51\/revisions\/706"}],"wp:attachment":[{"href":"https:\/\/keke.bc.fi\/Kestava-kehitys\/svenska\/wp-json\/wp\/v2\/media?parent=51"}],"curies":[{"name":"wp","href":"https:\/\/api.w.org\/{rel}","templated":true}]}}