{"id":6,"date":"2019-09-01T20:12:37","date_gmt":"2019-09-01T20:12:37","guid":{"rendered":"http:\/\/public.bc.fi\/s1700512\/Kestava-kehitys\/svenska\/?page_id=6"},"modified":"2020-01-28T08:27:22","modified_gmt":"2020-01-28T08:27:22","slug":"opinnon-tavoitteet","status":"publish","type":"page","link":"https:\/\/keke.bc.fi\/Kestava-kehitys\/svenska\/","title":{"rendered":"M\u00e5l f\u00f6r studierna"},"content":{"rendered":"\n<h1 class=\"has-text-align-center wp-block-heading\">V\u00e4lkommen till online-kursen f\u00f6r h\u00e5llbar utveckling<\/h1>\n\n\n\n<div style=\"height:50px\" aria-hidden=\"true\" class=\"wp-block-spacer\"><\/div>\n\n\n\n<div class=\"wp-block-columns has-2-columns is-layout-flex wp-container-core-columns-is-layout-9d6595d7 wp-block-columns-is-layout-flex\">\n<div class=\"wp-block-column is-layout-flow wp-block-column-is-layout-flow\">\n<h2 class=\"has-text-align-left wp-block-heading\">Obligatoriska m\u00e5l f\u00f6r kunnande, 1 kp <\/h2>\n\n\n\n<p>  Den studerande kan <\/p>\n\n\n\n<ul class=\"wp-block-list\"><li>arbeta enligt principerna f\u00f6r h\u00e5llbar utveckling<\/li><li>beakta principerna f\u00f6r livscykelt\u00e4nkandet  <\/li><li>resonera om l\u00f6sningar ur etiska synvinklar. <\/li><\/ul>\n<\/div>\n\n\n\n<div class=\"wp-block-column is-layout-flow wp-block-column-is-layout-flow\">\n<h2 class=\"wp-block-heading\">Anvisningar f\u00f6r hur kursen avklaras<\/h2>\n\n\n\n<p>Kursen i\nh\u00e5llbar utveckling h\u00f6r till de gemensamma examensdelarna f\u00f6r yrkesexamen och \u00e4r\nen obligatorisk kurs p\u00e5 1 kompetenspo\u00e4ng. Med hj\u00e4lp av den h\u00e4r n\u00e4tkursen kan du\nutf\u00f6ra kursen sj\u00e4lvst\u00e4ndigt genom att g\u00e5 igenom materialet och g\u00f6ra sluttestet.<\/p>\n\n\n\n<p>I testet\nst\u00e4lls fr\u00e5gor tagna ur inledningen, FN:s globala m\u00e5l f\u00f6r h\u00e5llbar utveckling och\nfr\u00e5n de olika delomr\u00e5dena f\u00f6r h\u00e5llbar utveckling. Testet best\u00e5r av\nflervalsfr\u00e5gor, som inneh\u00e5ller p\u00e5st\u00e5enden som besvaras antingen som sanna eller\nfalska. F\u00f6r varje fr\u00e5ga kan f\u00e5s maximalt tre po\u00e4ng och man kan s\u00e5ledes f\u00e5 ett\npo\u00e4ng f\u00f6r varje p\u00e5st\u00e5ende som man svarat r\u00e4tt p\u00e5. De olika alternativa p\u00e5st\u00e5endena\nf\u00f6r varje fr\u00e5ga kan ocks\u00e5 alla vara antingen sanna eller falska, s\u00e5 var\nnoggrann n\u00e4r du svarar!<\/p>\n\n\n\n<p>Som ett\nresultat av testet f\u00e5r du en po\u00e4ngsumma och du kan sj\u00e4lv kontrollera ditt\nvitsord i tabellen. Po\u00e4ngen och vitsordet \u00f6verflyttas direkt till den\nansvarsl\u00e4rare som har anslutits till kursen och som sedan antecknar ditt\nvitsord i ditt studieutdrag. De r\u00e4tta svaren f\u00e5r du genom att studera\nmaterialet p\u00e5 nytt och genom att diskutera med din l\u00e4rare.<\/p>\n\n\n\n<p>Vi \u00f6nskar\ndig trevliga studiestunder i lag med denna kurs i h\u00e5llbar utveckling!<\/p>\n\n\n\n<p><\/p>\n<\/div>\n<\/div>\n\n\n\n<p><\/p>\n","protected":false},"excerpt":{"rendered":"<p>V\u00e4lkommen till online-kursen f\u00f6r h\u00e5llbar utveckling Obligatoriska m\u00e5l f\u00f6r kunnande, 1 kp Den studerande kan arbeta enligt principerna f\u00f6r h\u00e5llbar utveckling beakta principerna f\u00f6r livscykelt\u00e4nkandet resonera om l\u00f6sningar ur etiska synvinklar. Anvisningar f\u00f6r hur kursen avklaras Kursen i h\u00e5llbar utveckling h\u00f6r till de gemensamma examensdelarna f\u00f6r yrkesexamen och \u00e4r en obligatorisk kurs p\u00e5 1 kompetenspo\u00e4ng. [&hellip;]<\/p>\n","protected":false},"author":1,"featured_media":0,"parent":0,"menu_order":0,"comment_status":"closed","ping_status":"closed","template":"fullwidth.php","meta":{"footnotes":""},"class_list":["post-6","page","type-page","status-publish","hentry"],"_links":{"self":[{"href":"https:\/\/keke.bc.fi\/Kestava-kehitys\/svenska\/wp-json\/wp\/v2\/pages\/6","targetHints":{"allow":["GET"]}}],"collection":[{"href":"https:\/\/keke.bc.fi\/Kestava-kehitys\/svenska\/wp-json\/wp\/v2\/pages"}],"about":[{"href":"https:\/\/keke.bc.fi\/Kestava-kehitys\/svenska\/wp-json\/wp\/v2\/types\/page"}],"author":[{"embeddable":true,"href":"https:\/\/keke.bc.fi\/Kestava-kehitys\/svenska\/wp-json\/wp\/v2\/users\/1"}],"replies":[{"embeddable":true,"href":"https:\/\/keke.bc.fi\/Kestava-kehitys\/svenska\/wp-json\/wp\/v2\/comments?post=6"}],"version-history":[{"count":93,"href":"https:\/\/keke.bc.fi\/Kestava-kehitys\/svenska\/wp-json\/wp\/v2\/pages\/6\/revisions"}],"predecessor-version":[{"id":737,"href":"https:\/\/keke.bc.fi\/Kestava-kehitys\/svenska\/wp-json\/wp\/v2\/pages\/6\/revisions\/737"}],"wp:attachment":[{"href":"https:\/\/keke.bc.fi\/Kestava-kehitys\/svenska\/wp-json\/wp\/v2\/media?parent=6"}],"curies":[{"name":"wp","href":"https:\/\/api.w.org\/{rel}","templated":true}]}}